 - 1. Let f be y(2). Let j(l) = -284*l + 54. What is the tens digit of j(f)?
0
Suppose 5*t - 35078 = -100*a + 139*a, 3*t = -a + 21242. What is the hundreds digit of t?
0
Let h(r) = -r**3 + 2*r**2 + 5*r + 6. Let b be h(-2). Let c be (-4 + 32/b)/((-4)/42). Let n = c - 4. What is the tens digit of n?
1
Suppose -90*y + 82*y = -32. Suppose q - 2792 = 4*t - 9*t, y*t - 2236 = -2*q. What is the hundreds digit of t?
5
Suppose 5*a = -s + 12, 2*a - 9 = 4*s - 13. Suppose -s*i = 3*m - 7*m + 1244, -2*m - 5*i + 646 = 0. What is the tens digit of m?
1
Suppose 0 = -w - 5*u + 5948, 4*u - u = 12. Suppose 60*s + w = 66*s. What is the tens digit of s?
8
Suppose -11495955 = -406*j - 79*j. What is the thousands digit of j?
3
Let s = 21639 + -14732. What is the units digit of s?
7
Let k = -564 + 568. Suppose -4*i + 5*i - 784 = -k*b, 3*i - 2*b = 2338. What is the units digit of i?
0
Suppose 0 = -2*t + a + 7, -5*a + 5 - 10 = 0. Suppose -704 - 113 = -2*q + 5*b, -4*q = -t*b - 1627. What is the tens digit of q?
0
Let n(j) = -j**3 + 17*j**2 + 22*j - 38. Suppose 0 = 2*g - 6, 0 = -9*f + 6*f + 2*g + 48. What is the tens digit of n(f)?
3
Suppose 2*u - 5*u + 188 = -2*o, o + 5*u + 68 = 0. Let l be ((-34615)/322)/((-1)/(-2)). Let p = o - l. What is the units digit of p?
7
Suppose -2847855 + 420233 = -83*j + 2589645. What is the tens digit of j?
4
Let v(f) = f**2 + 12*f + 17. Let o be v(-11). Suppose -5*k - o = -8*k. Suppose 4*q - 64 = -2*y + q, k*y - 84 = 2*q. What is the tens digit of y?
3
Suppose -29194 = -3*z - 4*b, -11*z + 9*z + 19461 = 3*b. What is the thousands digit of z?
9
Suppose -65909 = -18*n + 157327. What is the units digit of n?
2
Suppose 0 = -9*f + 4371 + 8022. Suppose 0 = -6*r + 9*r - f. What is the tens digit of r?
5
What is the thousands digit of (-610086)/(-38) - (-7 - (-2751)/399)?
6
Let c(o) = 128*o**2 - 31*o - 146. What is the units digit of c(21)?
1
Suppose 0 = -23*x + 827 - 114. Suppose 8*t + 15 = x. Suppose -2*i - 140 = -2*z, -3*i + 380 = 5*z + t*i. What is the units digit of z?
3
Let l = 10869 - -2837. What is the tens digit of l?
0
Suppose 0 = 6*l - 0*l - 54. Let y be (-72)/(-2)*3/l. What is the tens digit of 729/y - 1/(-4)?
6
Suppose -2*q + 630 = 8*q. Let m = 116 + q. What is the units digit of m?
9
Let q(j) = -11*j**2 + 39*j - 34. Let n be q(-12). What is the tens digit of 8/(-32)*2*n?
4
Suppose -2*r = 2*t - t, 3*t + 7 = r. Let y(m) = 415*m**2 - 8*m - 7. What is the units digit of y(t)?
9
Let k(u) = -2*u**3 + 6*u**2 - 13*u + 29. Let o be k(7). Let j = 365 - o. What is the hundreds digit of j?
8
Let a = -468 - -471. Suppose 3*n - q - 2882 = 0, q = -a*n + 2*n + 962. What is the units digit of n?
1
What is the units digit of 9 + -9 + 3651 - 9?
2
Let j be ((-141)/235)/(0 - (-1)/(-5)). What is the tens digit of 3 + -3*(637/(-3) + j)?
3
Let a be (-81)/15 - (-4)/10. Let s be (-11)/a + (-4)/20. What is the units digit of 3/12*s*14?
7
Let o(h) = h - 19. Let x be o(21). Let y be (-4 + x)/((1 + -3)/4). Suppose y*j = 2*g - 80, 4*g - 8*g - j + 133 = 0. What is the units digit of g?
4
Let s = 2759 - 1354. Suppose -s = -2*o + 335. What is the tens digit of o?
7
Suppose -5*q - 53*t + 57*t + 45051 = 0, -5*q = 5*t - 45105. What is the tens digit of q?
1
What is the thousands digit of 1/3*(71 - -5815)?
1
Let f be 92/(-84) + 1 + 130/42. What is the tens digit of 1 + 5 + -3 - (-89 - f)?
9
Let v be (-12 - 6)*1/3. Let i(t) = -7 - t + 6*t**2 - 9*t + 12*t. What is the units digit of i(v)?
7
Let q(s) be the first derivative of -12*s**3 + s**2/2 - 2*s - 13. Let g be q(1). What is the units digit of (-1 - g)/((-42)/9)*-7?
4
Let c(s) = -s**2 + 32*s + 21. Let q be 14*1 - 0 - 54/(-54). What is the hundreds digit of c(q)?
2
Let b be (-1)/(-1)*0/(-4). Suppose b = 5*m - 193 - 247. What is the tens digit of m?
8
Suppose 0 = -q + 91 - 19. Let j be q/4 + (2 - 6 - -1). Let r(v) = v**3 - 13*v**2 - 18*v - 1. What is the tens digit of r(j)?
7
Let m = -23 - -28. Suppose -k - m*d - 14 = -0*k, -d = -5*k + 34. Let s(c) = 3*c**2 + 14*c - 38. What is the units digit of s(k)?
4
Let w(g) = 185*g**3 - 2*g**2 - 11*g + 9. What is the tens digit of w(4)?
7
Let f(i) = 386*i**3 - 9*i**2 + 16*i - 14. What is the hundreds digit of f(2)?
0
Let m = -3238 + 10707. What is the thousands digit of m?
7
Suppose -150*c - 825630 + 1799432 = -3055798. What is the tens digit of c?
6
Let j = -279 + 281. Suppose -3*x - 3*o = -867, -3*x - 3*o + 873 = j*o. What is the hundreds digit of x?
2
Suppose -4*w + 2*w - 248 = 0. Let f be (-803)/(-8) + 4 + (-35)/8. Let h = f - w. What is the hundreds digit of h?
2
Let z(d) = -3001*d - 692. What is the ten thousands digit of z(-8)?
2
Suppose -5*m = -5*q + 220, -5*m + 2*q = -2*q + 218. Let i = m + 38. What is the tens digit of (-538)/(-8) - i/(-16)?
6
Suppose 3*t + t = 8. Suppose -4*k = -t*k. Suppose 5*h + w + 3*w - 405 = k, -3*h = w - 236. What is the units digit of h?
7
Let y(m) = -m**3 - 2*m**2 + 3. Let p be y(0). Suppose s = x, -10 = 2*s - p*s - x. Suppose -o + 156 = f + f, s*f - 3*o = 379. What is the units digit of f?
7
Suppose -35*r + 462562 + 1099838 = 0. What is the thousands digit of r?
4
Let s = -28 + 51. Let a(t) = t**2 - 2*t - 64. What is the tens digit of a(s)?
1
Suppose 2*x - 103 - 383 = 2*k, -2*k - 725 = -3*x. What is the tens digit of x?
3
Let p = 485 + -559. Let r = p + 318. What is the hundreds digit of r?
2
Let c = 95 - 102. Let r = c + 12. Suppose -821 = -4*a + z, -5*z + 249 = -r*a + 1294. What is the units digit of a?
4
Let j(z) = 31*z**2 + 6. Let o be j(3). Suppose 64*p - o = 59*p. What is the tens digit of p?
5
What is the thousands digit of 14 + 1 + -13 + 3094/2?
1
Suppose -2*i - 2 = -2*l - 10, 3 = -i. Let p be ((-288)/l - 11/77) + 2. Suppose -p*x + 48*x = 900. What is the tens digit of x?
8
Let c(x) = 673*x - 4992. What is the hundreds digit of c(44)?
6
Let a(y) = -3*y**3 - 25*y**2 - 4*y + 6. Suppose 3*n + 8 - 11 = 5*k, 0 = 5*n - 3*k + 11. Let p be ((-6)/4)/(n/(-24)). What is the units digit of a(p)?
4
Suppose 4*k - 50 = -10. Suppose 0 = -5*z - w + 5, -5*z + 4*w - 6*w + k = 0. What is the units digit of (z/5 - (-47)/2)*4?
4
Let t be ((-18)/(-4))/(19/(-38)). Let m(a) = -39*a - 43. Let c be m(t). Suppose o - 244 = -3*o + 2*z, 5*o = z + c. What is the tens digit of o?
6
Let m(d) = 9*d + 30. Let r be m(0). What is the hundreds digit of 116/(-8)*r/(-3)?
1
Let a(i) = 6*i + 1. Let x = 188 + -129. Let o = x - 46. What is the tens digit of a(o)?
7
Suppose -586 = -8*w - 66. Let s be -1*(2/(-1) + -8). What is the hundreds digit of (w/s + -8)/((-3)/224)?
1
Let c(g) be the first derivative of 16*g**3/3 + 3*g**2/2 + 9*g - 1. Suppose -5*m - 7012 = 3*x - 6985, 2*x - 5*m = 7. What is the units digit of c(x)?
3
Let d = -7882 - -9011. What is the hundreds digit of d?
1
Let k = -110759 + 155453. What is the thousands digit of k?
4
Let k = 67 - 62. Let g(s) = 17*s - 9. What is the tens digit of g(k)?
7
Let w be (-4 + (-30)/(-6))/(1/2). Suppose -22*b = -w*b - 11980. What is the hundreds digit of b?
5
Suppose 0 = 4*v + 2*p - p - 43, 2*v - 5 = 5*p. What is the hundreds digit of (((-18)/v)/3)/((-2)/1010)?
3
Let z = 3148 + -1775. What is the thousands digit of z?
1
Let x = -7240 - -10311. What is the tens digit of x?
7
Let v(l) be the third derivative of -29*l**4/24 - 28*l**3/3 + 11*l**2 + 1. What is the tens digit of v(-19)?
9
Suppose 6 = r + q, r - 4*q = -3 - 11. What is the tens digit of 163 - (2 + -5 - r)?
6
Let u = -3222 - -18727. What is the hundreds digit of u?
5
Let q be -2*(-16)/(2 + 6). Suppose 3*i - 4*z - 1482 = -156, 0 = 5*i + q*z - 2242. What is the hundreds digit of i?
4
Let v(b) = 3*b**3 - 119*b**2 + 88*b + 63. What is the units digit of v(40)?
3
Suppose 31837*f = 31865*f - 878472. What is the hundreds digit of f?
3
Let i = 187 - -36. Suppose -2*v + 3*j = -117, 2*v - i = -v - 5*j. Suppose -5*t + 3*t = -v. What is the tens digit of t?
3
Let f(p) = -250*p - 29. Let n be f(-5). Suppose -23*c = -21 - n. What is the units digit of c?
4
Suppose -8*r + 4*v = -9*r + 4633, -4636 = -r - 3*v. What is the units digit of r?
5
Let x(c) = 449*c**3 + 10*c**2 + 2*c. What is the thousands digit of x(4)?
8
Let f be 2490/(-9) - (12/9 - 1). Let j = 647 + f. Suppose -7*l = -2*l - j. What is the units digit of l?
4
Suppose z = 6 + 3. Suppose 6 = z*h - 6*h. Suppose -2*d = -m, 4*m + 2*d =